 base 11, what is 53a - 4?
536
In base 7, what is -3 - -101?
65
In base 4, what is -22023 - 10?
-22033
In base 15, what is 18 + 9?
22
In base 14, what is -6c5 + -3?
-6c8
In base 13, what is -2c - 80?
-ac
In base 3, what is -1 + -10000?
-10001
In base 7, what is -311 - 56?
-400
In base 15, what is c2 + 0?
c2
In base 11, what is -140 - 6?
-146
In base 5, what is -1121 + -1?
-1122
In base 12, what is -97 - a?
-a5
In base 9, what is -5 - 131?
-136
In base 11, what is 80 - 38?
43
In base 14, what is d + 306?
315
In base 11, what is -133 + -18?
-150
In base 3, what is -11021202 - -12?
-11021120
In base 6, what is 5 - 44510?
-44501
In base 3, what is 202101 + 101?
202202
In base 16, what is -a - 42?
-4c
In base 7, what is 12033 - -4?
12040
In base 9, what is 0 + -411?
-411
In base 16, what is 828 - -3?
82b
In base 7, what is 1636 - 22?
1614
In base 3, what is 112122110 - -10?
112122120
In base 12, what is 834 + 3?
837
In base 8, what is -10 - 5?
-15
In base 11, what is -2 + 316?
314
In base 2, what is 1011101111 + 1?
1011110000
In base 8, what is 43 - -4?
47
In base 12, what is -53 - a5?
-138
In base 5, what is -234 - -13?
-221
In base 15, what is -1 - -2db?
2da
In base 4, what is 113 - 211?
-32
In base 15, what is -3 - 2?
-5
In base 2, what is 10010 - 11101010?
-11011000
In base 10, what is -288 + -4?
-292
In base 5, what is -2112 + -10?
-2122
In base 15, what is 4629 + -3?
4626
In base 7, what is -4 - -100?
63
In base 16, what is 2e08 - 4?
2e04
In base 13, what is 14a + -5?
145
In base 12, what is -565 + 3?
-562
In base 9, what is 5466 - 2?
5464
In base 4, what is 3 - -110?
113
In base 7, what is 0 - 422?
-422
In base 5, what is -22 + -334?
-411
In base 11, what is 118 + -10?
108
In base 4, what is 10100302 + -2?
10100300
In base 9, what is 41 + 13?
54
In base 7, what is -262 + -11?
-303
In base 11, what is 97 + -2?
95
In base 13, what is -2 - -824?
822
In base 14, what is 3 + 51?
54
In base 7, what is -10203 - -5?
-10165
In base 15, what is -1960 + 5?
-195a
In base 15, what is -1498 + 4?
-1494
In base 3, what is -200201 + 0?
-200201
In base 15, what is -52 - -71?
1e
In base 14, what is 617 + 5?
61c
In base 13, what is 8899 + -3?
8896
In base 13, what is -479 - -5?
-474
In base 15, what is -17 + 2?
-15
In base 15, what is -5bec + -2?
-5bee
In base 3, what is 1 + 110?
111
In base 8, what is 4507 - 12?
4475
In base 10, what is 4 + 6615?
6619
In base 15, what is e + -ad?
-9e
In base 2, what is 10 + -110100?
-110010
In base 15, what is -1 - 10c?
-10d
In base 15, what is 121 - -1?
122
In base 4, what is -102 + 3001?
2233
In base 11, what is -2 + -145?
-147
In base 13, what is 1751 - 2?
174c
In base 8, what is 12101 - -1?
12102
In base 15, what is 18 + -1?
17
In base 15, what is -1e - a?
-29
In base 4, what is 10 - -110122?
110132
In base 16, what is -d9 - 34?
-10d
In base 16, what is 0 + 35c?
35c
In base 16, what is -8a3 + -3?
-8a6
In base 9, what is 1 + -44?
-43
In base 3, what is 200 - 20102?
-12202
In base 11, what is -5 + 846?
841
In base 16, what is 25 + -d?
18
In base 8, what is 14243 + -5?
14236
In base 4, what is -11 + 12001?
11330
In base 5, what is 12 + 2444?
3011
In base 15, what is e99 - 0?
e99
In base 13, what is -616 - -3?
-613
In base 5, what is 310 + -20?
240
In base 8, what is -157 + -2?
-161
In base 14, what is 7a + 3?
7d
In base 14, what is -b - 188?
-195
In base 13, what is 7 + -586?
-57c
In base 9, what is 0 - 14?
-14
In base 4, what is 30 + 2103?
2133
In base 11, what is 1a - -2a6?
315
In base 13, what is -68 + -3?
-6b
In base 2, what is 0 + 1000101?
1000101
In base 3, what is 11 - 21010?
-20222
In base 10, what is -780 + 3?
-777
In base 16, what is 175 - -2?
177
In base 8, what is 17 + -54?
-35
In base 7, what is 100 + 310?
410
In base 16, what is 2b - 9?
22
In base 8, what is 3 - 2266?
-2263
In base 6, what is -30 + 23?
-3
In base 6, what is 3 - -1040?
1043
In base 2, what is 11 - 11001?
-10110
In base 11, what is 76a - -4?
773
In base 10, what is -1 + -52?
-53
In base 12, what is 22b0 - -5?
22b5
In base 16, what is 68 - 5?
63
In base 14, what is 1cd - -4?
1d3
In base 14, what is -1da - 4?
-200
In base 13, what is 1284 - -5?
1289
In base 15, what is 53 + -3?
50
In base 7, what is 1 - 156?
-155
In base 2, what is 11 - -111100?
111111
In base 11, what is 62 - -6?
68
In base 14, what is -127 - -2?
-125
In base 4, what is -1103 + -13?
-1122
In base 13, what is 0 - -34?
34
In base 3, what is 11 - -1110?
1121
In base 11, what is -1 - -124?
123
In base 14, what is 56 + 86?
dc
In base 6, what is 22 - -3?
25
In base 8, what is -10 - 14?
-24
In base 12, what is 2543 + 3?
2546
In base 4, what is 0 + 1002?
1002
In base 11, what is -31 + -7?
-38
In base 10, what is 3 - -26?
29
In base 14, what is -44 - 5?
-49
In base 13, what is 30 - 5?
28
In base 9, what is -1560 + 3?
-1556
In base 11, what is a78 - 5?
a73
In base 13, what is -1b + 4b?
30
In base 11, what is 23 + 11?
34
In base 11, what is -1 + 8?
7
In base 11, what is -4 - 64?
-68
In base 10, what is -953 + -4?
-957
In base 2, what is -1101 + -101110?
-111011
In base 10, what is -4 - -19?
15
In base 10, what is 1 - -2052?
2053
In base 9, what is -1284 + 1?
-1283
In base 4, what is -2132 + -1001?
-3133
In base 4, what is 133 - 2010?
-1211
In base 16, what is -2f - -14?
-1b
In base 12, what is -5 - a85?
-a8a
In base 16, what is -b2 + -a?
-bc
In base 5, what is -2002 - 10?
-2012
In base 4, what is -1213230 + 11?
-1213213
In base 16, what is -1e + 6?
-18
In base 7, what is 5 - 2115?
-2110
In base 11, what is -78 + 17?
-61
In base 6, what is 204022 - -5?
204031
In base 13, what is -1 - -49?
48
In base 16, what is -8 - -f8?
f0
In base 5, what is 0 - -33?
33
In base 14, what is 43 + -2?
41
In base 13, what is -3 + 2?
-1
In base 14, what is 2ab5 - 3?
2ab2
In base 4, what is -2 - 1203?
-1211
In base 3, what is 100 + 22?
122
In base 9, what is 1 + 4?
5
In base 2, what is 11 - -10110?
11001
In base 14, what is -38c - 2?
-390
In base 11, what is 5 + -101?
-a7
In base 9, what is -70 - -1?
-68
In base 8, what is 2 + 3007?
3011
In base 10, what is 1 + 61?
62
In base 11, what is 6 - -4?
a
In base 4, what is -2 + 11320?
11312
In base 11, what is -9 - 144?
-152
In base 7, what is -30 + 21?
-6
In base 12, what is 11b1 + 4?
11b5
In base 10, what is -3 - 124?
-127
In base 5, what is -111 + 13?
-43
In base 15, what is 120 + 1?
121
In base 2, what is -100001 + -11?
-100100
In base 10, what is -7570 + -2?
-7572
In base 10, what is -220 + -4?
-224
In base 6, what is -213 - -53?
-120
In base 4, what is 1 + -3213?
-3212
In base 11, what is 46 + 2?
48
In base 11, what is -24 - -21?
-3
In base 11, what is 9 + 15?
23
In base 3, what is -10 + -1?
-11
In base 11, what is -5 + 31?
27
In base 9, what is -7 - -1212?
1204
In base 2, what is 100001100 - -100?
100010000
In base 7, what is -151 + 0?
-151
In base 3, what is 12 - 2021021?
-2021002
In base 3, what is -10 + 122100?
122020
In base 3, what is -11111 - 2?
-11120
In base 14, what is -3 - -51?
4c
In base 12, what is -545 - -3?
-542
In base 12, what is -3 + -926?
-929
In base 13, what is -a607 + 4?
-a603
In base 14, what is -3d7 + 2?
-3d5
In base 9, what is 3 - -32?
35
In base 12, what is -14 + -5?
-19
In base 9, what is 42 - -3?
45
In base 16, what is -34e - 2?
-350
In base 2, what is -1010 + -11110100101?
-11110101111
In base 12, what is -34 + -42?
-76
In base 10, what is -10 + 194?
184
In base 11, what is -143 + 6?
-138
In base 15, what is -935 - 2?
-937
In base 5, what is 23401 - -10?
23411
In base 13, what is 72 + 5?
77
In base 11, what is 0 + 70?
70
In base 13, what is 4 + 1?
5
In base 8, what is -573 + 13?
-560
In base 4, what is 1320 - 23?
1231
In base 13, what is 1 + 19?
1a
In base 15, what is -4 - 2?
-6
In base 9, what is -2382 - -4?
-2377
In base 11, what is -3 - 42?
-45
In base 6, what is -34 + 54?
20
In base 13, what is -7 - a4b?
-a55
In base 13, what is 762 - -1?
763
In base 5, what is 10 + 111?
121
In base 14, what is d - 3?
a
In base 9, what is -135 - 0?
-135
In base 4, what is 100120 + -10?
100110
In base 6, what is -41 + 11?
-30
In base 16, what is -c - -353?
347
In base 8, what is 16 - 135?
-117
In base 9, what is 124 + -1?
123
In base 4, what is -22 + -122?
-210
In base 5, what is 0 + 1310?
1310
In base 14, what is 1aa - -3?
1ad
In base 6, what is